13 composite?
False
Is 299206 composite?
True
Is 142479619 a prime number?
True
Is 4330703 a prime number?
False
Is 209206813 a prime number?
False
Is 3111683 a prime number?
False
Is 5180653 a composite number?
False
Is 6756469 composite?
False
Is 1959047 a composite number?
False
Is 54086069 composite?
False
Is 49649701 a composite number?
False
Is 2434853 prime?
True
Is 245129 composite?
False
Is 1909213 a composite number?
False
Is 48037565 a prime number?
False
Is 47674399 prime?
False
Is 2668423 prime?
False
Is 3616499 prime?
False
Is 16172711 a composite number?
True
Is 27323717 a prime number?
True
Is 3872689 prime?
False
Is 12965359 a prime number?
False
Is 9124967 composite?
False
Is 23451257 composite?
False
Is 8554277 a prime number?
True
Is 5522563 prime?
True
Is 2520169 a composite number?
False
Is 89633149 a prime number?
True
Is 29974499 composite?
True
Is 809762747 composite?
False
Is 56674699 a prime number?
True
Is 72938527 a prime number?
True
Is 2222501 a prime number?
True
Is 70767863 a composite number?
False
Is 195801287 composite?
True
Is 38486291 prime?
False
Is 1588451 a prime number?
True
Is 2338822 a prime number?
False
Is 28658381 a composite number?
False
Is 4395253 a prime number?
False
Is 223128151 prime?
True
Is 57739489 a composite number?
True
Is 1594897 a prime number?
True
Is 12226906 a composite number?
True
Is 13817707 prime?
True
Is 99592847 prime?
True
Is 21797189 composite?
False
Is 40237639 prime?
False
Is 68885723 prime?
True
Is 2399359 a composite number?
False
Is 64064251 prime?
True
Is 50401823 a composite number?
True
Is 1510277 prime?
False
Is 401704663 a composite number?
True
Is 6015251 composite?
True
Is 232540409 prime?
False
Is 5229167 composite?
True
Is 77888269 a composite number?
True
Is 3627139 prime?
True
Is 13500571 prime?
False
Is 21092371 prime?
True
Is 2010137 a composite number?
False
Is 6186881 a composite number?
True
Is 17292161 composite?
False
Is 60261701 a prime number?
True
Is 2588051 prime?
True
Is 114663673 a prime number?
False
Is 25610863 a composite number?
False
Is 6634297 prime?
True
Is 201743 a prime number?
True
Is 20841103 a composite number?
True
Is 1186261 prime?
False
Is 5894858 a composite number?
True
Is 881302 composite?
True
Is 24946481 prime?
False
Is 236157917 prime?
False
Is 9127211 composite?
True
Is 30982037 a prime number?
True
Is 21284911 a composite number?
False
Is 4534851 a composite number?
True
Is 46552939 composite?
True
Is 192715 prime?
False
Is 268349791 a composite number?
False
Is 153821501 a composite number?
False
Is 234649253 prime?
True
Is 2748371 composite?
False
Is 700326995 a composite number?
True
Is 598901 prime?
False
Is 2920165 prime?
False
Is 3422383 a prime number?
True
Is 826762867 prime?
False
Is 1856086 composite?
True
Is 277726 composite?
True
Is 122529937 prime?
True
Is 80807941 a prime number?
False
Is 1173511 prime?
True
Is 3584186 composite?
True
Is 64443499 composite?
True
Is 644024431 prime?
False
Is 8780773 prime?
True
Is 972537 prime?
False
Is 119649637 a prime number?
False
Is 1850593 a composite number?
False
Is 8432509 a prime number?
True
Is 3203763 prime?
False
Is 69840137 a composite number?
True
Is 45784187 composite?
True
Is 97781 composite?
True
Is 2181709 prime?
True
Is 2231891 prime?
True
Is 1631887 composite?
True
Is 68611427 prime?
False
Is 1098103 a prime number?
False
Is 2558711 prime?
False
Is 33380903 a composite number?
False
Is 7043327 prime?
False
Is 32963365 composite?
True
Is 183907 prime?
True
Is 71143661 a prime number?
True
Is 3312139 a prime number?
True
Is 933081509 a composite number?
True
Is 56910179 a prime number?
True
Is 21683899 prime?
True
Is 3698623 a composite number?
False
Is 165584893 composite?
True
Is 8344057 a composite number?
False
Is 159439 composite?
True
Is 1214011 a prime number?
True
Is 11316319 a prime number?
False
Is 17148511 prime?
True
Is 2183383 a composite number?
False
Is 51431021 composite?
False
Is 10636531 composite?
True
Is 10639063 a composite number?
True
Is 4981121 a composite number?
True
Is 2981 a prime number?
False
Is 187672263 composite?
True
Is 132199 composite?
False
Is 879889 prime?
False
Is 19770827 a prime number?
True
Is 135969173 a composite number?
True
Is 3618229 prime?
False
Is 349683911 a composite number?
True
Is 7573213 a prime number?
True
Is 27823438 a prime number?
False
Is 124083989 a prime number?
True
Is 242663417 a composite number?
False
Is 2812987 prime?
False
Is 100781141 a prime number?
True
Is 79829201 a prime number?
True
Is 9985039 composite?
True
Is 258061 a prime number?
True
Is 2438431 a prime number?
False
Is 38767601 a composite number?
True
Is 1059481 a prime number?
False
Is 21280327 composite?
False
Is 6580133 a composite number?
True
Is 87793663 prime?
True
Is 267759223 composite?
False
Is 11437121 prime?
False
Is 1757839 a prime number?
False
Is 4728649 composite?
False
Is 1036291 composite?
False
Is 1480459 a composite number?
False
Is 1170160361 prime?
False
Is 590146 prime?
False
Is 152750453 a prime number?
False
Is 2557301 composite?
True
Is 131492453 prime?
False
Is 2729777 a prime number?
True
Is 1784137 a prime number?
True
Is 725213 composite?
True
Is 175066681 composite?
True
Is 54559301 a prime number?
False
Is 20938139 composite?
True
Is 82870261 a prime number?
True
Is 844421 prime?
True
Is 60096143 composite?
False
Is 4050467 a composite number?
True
Is 7239823 a prime number?
True
Is 2945851 prime?
True
Is 56831263 prime?
False
Is 251153 composite?
True
Is 2346433 composite?
True
Is 13518857 composite?
True
Is 18807709 a prime number?
False
Is 21138413 composite?
True
Is 85427777 a prime number?
True
Is 5044643 a composite number?
False
Is 420369253 a composite number?
True
Is 351227 a composite number?
True
Is 50423069 prime?
True
Is 1184044687 prime?
False
Is 18774157 composite?
False
Is 49646393 a prime number?
True
Is 1134691 prime?
True
Is 847387 a prime number?
False
Is 2933893 prime?
False
Is 663517 prime?
True
Is 432852701 prime?
True
Is 3117467 a composite number?
False
Is 1030443 a prime number?
False
Is 1853023 a composite number?
True
Is 293102881 a composite number?
False
Is 3116353 composite?
False
Is 70701773 a composite number?
False
Is 395269 composite?
True
Is 2012306953 a prime number?
True
Is 477301 composite?
True
Is 9905293 prime?
True
Is 309614987 prime?
False
Is 456834437 a composite number?
False
Is 27070429 a composite number?
False
Is 17064653 prime?
True
Is 2832329 prime?
True
Is 7333189 a prime number?
True
Is 8990387 a prime number?
False
Is 402361703 composite?
True
Is 506683915 a composite number?
True
Is 1677521 a prime number?
True
Is 48120973 composite?
False
Is 88525167 prime?
False
Is 2467859 prime?
True
Is 39436181 composite?
False
Is 3428687 a composite number?
True
Is 1682687 a prime number?
False
Is 2314177 a composite number?
False
Is 23465318 a composite number?
True
Is 4453013 composite?
False
Is 12362813 prime?
False
Is 758077 a prime number?
False
Is 78295901 a prime number?
True
Is 9837059 a prime number?
True
Is 4485089 prime?
False
Is 25347823 a prime number?
False
Is 16611323 a composite number?
True
Is 20010719 a composite number?
True
Is 1705339 a prime number?
True
Is 204909743 a prime number?
True
Is 1677147 prime?
False
Is 108666829 prime?
False
Is 275300021 composite?
True
Is 105545087 prime?
True
Is 6942541 a composite number?
False
Is 4581813 a composite number?
True
Is 38979529 a prime number?
False
Is 301426159 composite?
True
Is 37672553 a prime number?
True
Is 15282571 prime?
True
Is 7220438 prime?
False
Is 5671051 a prime number?
False
Is 2094877 a prime number?
False
Is 11434623 prime?
False
Is 971041 composite?
True
Is 473932489 a composite number?
True
Is 2190047 composite?
False
Is 14862149 composite?
False
Is 10947683 composite?
False
Is 573701883 a prime number?
False
Is 1163381 prime?
False
Is 169838881 a prime number?
True
Is 12913147 composite?
True
Is 1460821 a prime number?
True
Is 9689243 composite?
True
Is 87345281 a prime number?
False
Is 4851955 a composite number?
True
Is 5875003 prime?
True
Is 257974391 composite?
False
Is 3761653 a prime number?
False
Is 5334523 a prime number?
True
Is 6452821 a composite number?